+ -6 + 78 - (1 + -1 + -23)?
29
10 - (-14 + -2 + 4 - (580 + -541))
61
-18 - ((-8 - (-4 - 12)) + 0 + -1 - 3)
-22
What is -16 + -1 + -7 + (-1 - (5 - 15)) + -59?
-74
What is -15 - (-8 + 3) - -27 - 9 - 7?
1
Evaluate 72 + -80 + (-20 - -24 - (-1 + -64)).
61
What is the value of -22 + -3 + (2 - 37 - (-28 + 114))?
-146
Calculate -112 - ((-7 - -19) + 14 + -22 + -13).
-103
Evaluate 14 + -8 + 1 - (-1 - (-124 - -6)) - -13.
-97
What is the value of (114 - 69) + 23 - 95?
-27
What is 28 + 2 + (19 - (4 - (-5 + -8)))?
32
Calculate 17 + 28 + -20 + -10.
15
-10 - ((17 + 1 - -8) + -5)
-31
Evaluate (13 - 35) + 24 - ((-9 - (-2 - 2)) + 46).
-39
-15 + (129 - (107 - -40))
-33
What is (-34 - -39) + (-10 - 10) - -50?
35
Calculate (-57 - (-48 + 39)) + (0 - 2).
-50
Evaluate 28 - (-21 + 166 + -99).
-18
Calculate 60 - 256 - -116 - -62.
-18
Calculate (14 - (-30 + -22 - -39)) + 75.
102
What is 33 + (-2 - -1) + 1334 + -1461?
-95
Calculate -24 + (-15 - -59) + -21 + 1 + 19.
19
Calculate -11 + (-3 - -2) - -2 - (-12 + -67).
69
-79 + 79 + -38 - -34 - (-25 + -1)
22
59 - (68 - 49) - 55
-15
What is -20 + -2 - ((67 - 36) + -71)?
18
What is (-84 - 5) + 10 - ((3 - 6) + 5 + 0)?
-81
-33 - -31 - (62 + 27 + -38 + (0 - -1))
-54
-2 + 2 + (-6 + 9 - 4)
-1
What is -3 - (56 + 1 + (-5 + -10 - 3))?
-42
Evaluate 1 + ((5 - 5) + 15 - -10).
26
What is -73 + 81 + 87 - ((2 - (3 - 1)) + -8)?
103
Evaluate (-10 - (30 - -23 - 14)) + 11.
-38
What is -149 - -127 - (-52 + (-1 - 2))?
33
(77 - 165) + 56 + 5 + 114
87
(0 - -3) + (-23 - -28) - ((-33 - -19) + 6)
16
49 - (33 - -43 - 47)
20
Calculate 539 - 532 - (-128 + -1) - (-2 + (1 - -2)).
135
What is 8 - -11 - 17 - (3 + -4 - -11)?
-8
Calculate 104 - (90 - (69 + -9)).
74
Evaluate -93 - (-2 + 1) - (-51 + 68 - 85 - -72).
-96
What is the value of 118 + -67 + -43 + 55?
63
What is the value of 5 + 16 + (-7 - 4) + 1 - 48?
-37
What is the value of (-59 - -1 - 1) + (-3379 - -3364) - 18?
-92
Calculate 7 + 0 - (-5 + -17 + 8 - (-3 - 2)).
16
Evaluate 78 - (8 - (5 + (5 - (18 - 11)))).
73
Evaluate (17 - (35 + -17)) + -20 + -15.
-36
Evaluate 8 + (-3 - -2) + (-36 - -36) + (6 - 4).
9
(145 - 118) + 101 + -1 + -35
92
Calculate 2 - ((-16 + 75 - 30) + 2).
-29
What is 25 + (-8 - 26 - (-11 + 25))?
-23
What is the value of 0 - ((-6 + -2 - -3) + 43 + -48)?
10
Calculate -2 - (-23 - 2) - (-9066 - -9160).
-71
Evaluate (-12 - (-4 + 1 + -13 + 1)) + -7.
-4
Evaluate 56 - -3 - (5 - -28).
26
Calculate (-30 + -1 + (311 - 289) - (-1 - 12)) + 95.
99
Evaluate -6 + (-15 + 10 - (22 + -9 - -4)).
-28
Calculate -15 - (-86 + -1 + (-12 + 75 - 76)).
85
Evaluate -57 - (17 + 0) - (-10 + 23 - (4 - 4)).
-87
-73 + 15 + 42 + -24
-40
What is -13 + (6 - 16) + 16 - -15?
8
Calculate -3 + -8 + (-114 + 119 + 2 + -7 - -11).
0
(0 - -56) + (1170 - 1230)
-4
What is the value of 17 + 6 + 2 + -96 - (-5 + -1)?
-65
What is the value of (-542 - -470) + (-5 + 1 - -11)?
-65
14 + 27 + 99 - 66
74
What is -202 + 297 - (32 + 5)?
58
What is the value of (-13 + 19 - 14 - -9 - 45) + -13?
-57
Calculate (-71 - -36) + 52 + 3.
20
Evaluate -4 + 27 + -6 + 15 + -27 + 33.
38
(119 + -127 - (4 + 5 + -6 - -10)) + -4
-25
What is the value of -19 + 6 + 36 + -6 + 24 + 104?
145
What is the value of -91 - -113 - ((-1 - 0) + 20) - (29 + 1)?
-27
Evaluate -7 + (30 - (1 - -16) - -34) + 13.
53
-152 - (2 + -9 + (-25 + 18 + -3 - -6))
-141
What is the value of (-124 - (109 - 108)) + 184?
59
-122 - (24 - 87) - (-17 - -1)
-43
What is the value of 744 + -747 - (31 + 4 + -2)?
-36
Calculate -10 - (-1 + 10 + -19 + -11 + 115).
-104
-51 + (3 - (5 - (0 - -20)))
-33
Calculate -25 + 15 + 28 + (2 - (-61 + -2)).
83
What is the value of -33 + -20 + 4 + 50 + -33?
-32
What is (36 - 2) + (-7 + 1 - -9 - 13)?
24
Evaluate (0 + 113 - -1) + 18 + (-36 + 3 - -19).
118
What is the value of (32 - 35) + 2 + 29?
28
What is the value of 0 + ((6 - 8) + (13 - -2) - -25)?
38
123 - (-34 + 161) - (80 - -2)
-86
Calculate -148 + 127 + 17 + (-142 - 2).
-148
Calculate -3 + 22 + -6 + (10 + 2 - 23) + 6.
8
What is the value of (-12 - 8 - 15) + 37 + (2 - (2 + -54))?
56
What is 34 - (97 + -37 + 19)?
-45
Calculate -48 + 1 - (-1498 + 1335).
116
Evaluate -96 + 6 + (-365 - -385).
-70
Calculate -45 - -141 - (2 - 11 - (-2 + -27 + 5)).
81
Calculate (-19 + 464 - 431) + -1 + -1 + 2 + 5.
19
(0 - ((-9 - -4) + -9)) + -5 + -5 - -48
52
12 + 24 - 51 - (-4 - (1 - 0) - -16)
-26
Calculate 27 - 82 - (-24 + -20).
-11
0 - 16 - (242 + -243) - (34 - (-2 - 1))
-52
-6 + (0 + 3 + 9 - -2) + -15
-7
What is -1181 + 1166 + (-3 + 3 - -1 - 28)?
-42
((-21 - (2 + -18)) + -10 - -17) + (115 - 0)
117
Calculate -99 + 167 + -59 - 23.
-14
What is the value of 5 - ((-4 - (-14 - (-6 + -6))) + -5)?
12
Evaluate (-4 - -3) + 2 + 11 - (-110 - (-100 - 84)).
-62
Calculate (82 - 81 - (-12 + -1)) + -6 + 40.
48
Calculate (15 - 33 - -17 - -17) + -37.
-21
What is 5 + 3 + (0 - 22) + (35 - 37)?
-16
What is the value of ((13 - 14) + -4 - 22) + (-15 - -4)?
-38
Evaluate -11 + -1 + -2 + 22 + -709 + 758.
57
40 + -14 - (63 - 2)
-35
What is the value of -7 + 13 + 39 + 4 + -13 - (9 - 2)?
29
What is (-1 - -6 - -1) + (-3133 - -3130)?
3
Evaluate -28 - (-19 + -7) - 44.
-46
What is the value of 25 - (-9 + 5 + 8 + 53)?
-32
Calculate -1 + 24 + (129 + -115 - 34).
3
-9 - (-9 + 27) - (-5 + 3 + -11)
-14
What is -32 + 5 - (2 + 20 - (19 - -2))?
-28
Calculate -3 - (13 + -30) - (42 - 1).
-27
Evaluate 27 + 0 + (-13 - -30 - 10) + -13.
21
What is the value of (313 - 293) + 1 + -23 - -1?
-1
What is the value of -19 + 19 - (3 + 1) - (106 + -116)?
6
Evaluate 46 + 1 + 5 - (121 + -114).
45
(5 - 2) + -2 + 66 + 153 + -267 + 114
67
What is -4 + (11 - (11 - 11)) + -3 + 66?
70
Evaluate 53 + -3 + -10 + -77 - (-10 + 1).
-28
(24 - (-17 + 43)) + (-9 - -76)
65
-22 + 74 + -64 + (-12 - 0)
-24
What is (14 + 3 - (-80 + 114)) + -59?
-76
Evaluate -109 - (-42 + -9) - -19.
-39
-22 - -12 - (1 + -24) - (23 - 3)
-7
Evaluate (-21 - (2 + -8)) + 124 + -111.
-2
Calculate -134 + 142 - (-11 + 21).
-2
What is -2 + 9 + 50 + (-7 + 13 - 9) + 3?
57
Evaluate 187 - 63 - (36 + 26).
62
What is the value of 28 + (22 - -6) - (-2 + (-3 + -3 - -2))?
62
Calculate (11 + (-2 - 2) - -7) + (-421 - -312).
-95
Evaluate (-1 - -1) + -21 + 3 + 19 - (-17 - 1).
19
51 + -317 + 267 + -1 + 0 + -3 - 78
-81
Calculate -10 - (8 - 6 - (-7 + 12)) - 89.
-96
150 + 276 + -469 + -1 + 11
-33
Calculate (59 - (65 + -9)) + (2 - (1 + 6)).
-2
2 + -8 - (-17 + -25 + 10 - 49)
75
153 - 96 - (136 - 67)
-12
Calculate 14 + -1 + 1 + (64 - (-217 + 280)).
15
Evaluate -3 + -79 + (60 - 68).
-90
What is (0 - (3 + -69) - (412 - 418)) + -2?
70
What is the value of -10 + 1 + -2 + 11 + 9 + -12?
-3
What is the value of (-107 - (-278 - -158)) + -1 + 1 + 1 + 0?
14
Evaluate -44 + -20 + 103 - 45.
-6
What is 588 + -728 + 77 + 1?
-62
Calculate 9 + -15 + 7 + -1 + -2 + 0 - -57.
55
What is -2089 + 2112 + 1 + 5?
29
Evaluate (3 - (-16 + 7) - 11) + 51.
52
What is 16 - ((11 + -4 - -1) + 5 - 22)?
25
Calculate 32 - (-6 + 1) - (21 - 9 - -1).
24
What is the value of -1937 - -1932 - (-4 + -87)?
86
What is the value of 11 + (64 + 0 - (299 - 304)) + (7 - -2)?
89
What is the value of (7 - -16) + (17 - 23) - 2?
15
What is 3 - (4 + -1) - (-320 - -332)?
-12
What is the value of -40 + (-1 + (-3 - -4) + -8 - -12)?
-36
What is the value of (17 + 21 - -13 - 43) + -6?
2
Evaluate -9 - 2 - (70 - (-55 - -133)).
-3
6 + -2 + 1 + -4 + -100 + 83
-16
Calculate (-121 - -102) + 12 + 18 + 1 - (-2 + 69).
-55
Calculate -55 + 37 + 20 - (-4 - -3) - -36.
39
Calculate 5 - (-9 - (-3 + 32 + 5 + 3)) - 9.
42
What is 112 + (-11 - 12 - 29)?
60
Calculate 48 - (0 + -3 - -14 - (464 + -451)).
50
Calculate (-81 - (-63 + 32)) + 29 + 27 + 1.
7
0 + (59 - 14) - 27
18
Evaluate (38 - 44) + -3 + 1 + (-14 - 4).
-26
101 + -44 - 62 - ((25 - 2) + 2)
-30
Calculate -41 - ((-10 - 30) + 31 + (2 - 2)).
-32
-24 + (19 - 51 - (-22 - 0))
-34
-50 - ((-10 - -1) + 2 + (-30 - -31) + -2)
-42
What is the value of -8 + 3 + 3 + -3 + (747 - 672)?
70
Evaluate 5 + (18 - (2 - (-8 + 3)) - (-22 + 36)).
2
What is -12 + (-130 - (-29 + -16 + 20)) + (-12 - 2)?
-131
What is the value of 30 + -23 - (-10 + -6 + 6 + 1 + -8)?
24
Calculate -52 - ((-1 - 47) + 54).
-58
Calculate 48 + ((-10 + -4 - -36) + -45 - -20).
45
Calculate -3377 - -3479 - (60 + 0).
42
Evaluate -121 + 1 - -130 - (-79 + (0 - 1)).
90
-88 - (-5 + -4 - (14 + -5 + -12) - -19)
-101
(-15 - ((20 - -4) + (-114 - -10